 s - 9 = -2*i. Let w be (-2)/i + 50/30. Determine g(w).
0
Let s(p) be the third derivative of 1/10*p**5 + 0 - 5/6*p**3 + 0*p + 1/8*p**4 + 11*p**2 - 1/120*p**6. Determine s(6).
13
Let w(s) = -5*s + 4. Suppose 5*x = 5*i, -2*i - 3 = 2*x + 1. Suppose -4*a = -8 - 8. Let f = a + i. Give w(f).
-11
Let d(v) be the second derivative of 2*v**3/3 - v**2 - 14*v. Give d(2).
6
Let t(q) = -43*q**2 + 4*q - 10. Let o(p) = -14*p**2 + p - 3. Let f(a) = 7*o(a) - 2*t(a). Suppose z + 5 = -2*d, 3*z + 4 = -d + 6*d. Calculate f(d).
-12
Let j = 3 - 2. Suppose -2*n + 7 - 1 = 0. Let p(u) = -j + u - n + 6. Give p(-3).
-1
Suppose -3 = -2*y - y. Let w(t) = -15*t + 2. Let g(h) = -2 + 2 + 7*h - 3 + 15*h. Let b(a) = -5*g(a) - 7*w(a). Determine b(y).
-4
Let o = -3 - 0. Let k = o - 1. Let d(n) = -n**2 - 4*n - 6. Calculate d(k).
-6
Suppose 5*t - 19 = 2*m, -2*t - 2*m - 10 = -4*t. Suppose -2*o + 5*o + t = 0. Let c(p) = p - 1. Let j be c(o). Let x(r) = -2*r**2 + 2. What is x(j)?
-6
Let a(m) = -2*m - 35. Let p be a(-20). Let g(d) = -3*d + 4. What is g(p)?
-11
Suppose 7*x - 8*x = -5. Let z(y) = -3*y**2 - 2*y. Let o(b) = -4*b**2 - 3*b. Let k(u) = x*z(u) - 4*o(u). Determine k(2).
8
Let v(y) = -3*y**2 - 2*y + 1. Let f(u) = 2*u**2 + 3*u - 1. Let s(a) = -4*f(a) - 3*v(a). Let w be s(4). Let c(m) = -m**2 - 7*m - 7. Calculate c(w).
-7
Let u(a) = -4*a**2 + 5*a - 4. Let p(f) = -f**2 + f. Let l(j) = -5*p(j) + u(j). Calculate l(-3).
5
Let u(v) = -3*v + 3. Let a(l) = -3*l**3 - 2*l**2 - l. Let g be a(-1). Suppose r = -2*i + 3, -2*i + g = -4*i - 2*r. Give u(i).
-9
Suppose -5 = -8*y + 3*y. Let k be 516/(-84) + (-2)/(-14). Let p be (14/k + y)*3. Let r(x) = x**3 + 5*x**2 + 6*x + 5. Give r(p).
-3
Let u(s) = s - 6. Suppose -2*c + 6 = -0, 2*q = -c - 1. Let x(g) = -g + 5. Let d(k) = q*x(k) - 3*u(k). Determine d(6).
2
Suppose -1 = l - 21. Suppose -8*f + 4*f - l = 0. Let y(m) = -m - 5. Give y(f).
0
Suppose 0 = c + x - 8, x - 6*x = 2*c - 22. Let h = c + -4. Suppose -3*y = h*y. Let q(j) = -j + 2. Determine q(y).
2
Let q(p) = p - 1. Let g(l) = l**2 + 7*l + 4. Let z(d) = -g(d) + 6*q(d). Give z(0).
-10
Let y(n) = n**2 + n - 18. Let a be y(-5). Let z(i) = -i**3 + i**2 - i. Calculate z(a).
-6
Let v(q) = 3*q - 1. Let d be 1 + 1 - (-2 - -2). Let y(o) = -d*o - o + o. Let z be y(-1). Determine v(z).
5
Let l(m) = m + 1. Let u(o) = -4*o + 7. Let y be u(3). Let z(g) = -g**2 + g - 7. Let v(f) = y*l(f) - z(f). Determine v(4).
-6
Let g(h) = -5*h**2 - 4*h - 3. Let u(c) = -26*c**2 - 21*c - 15. Let r(p) = 11*g(p) - 2*u(p). What is r(-2)?
-11
Let r be -5*1*18/15. Let o be ((-12)/18)/((-2)/r). Let j(h) = 4*h + 1. What is j(o)?
-7
Let o = 1 + -3. Let x = o + 2. Let v(y) be the first derivative of -y**3/3 - y**2/2 - 6*y + 2. Calculate v(x).
-6
Suppose 6*o - o = 10. Let a(u) = -u**3 - u**2 + u + 1. Give a(o).
-9
Let z(i) = -5*i**2 - i - 5. Let d(u) = 4*u**2 + 2*u + 4. Let x(f) = 3*d(f) + 2*z(f). Determine x(-2).
2
Let u(m) = 3*m - 15. Let k(b) = b**2 - 9*b - 3. Let t be k(7). Let l(h) = 1 + h - 5 - 1 + 0*h. Let w(z) = t*l(z) + 6*u(z). What is w(5)?
0
Let v(f) = 1 - 3*f + 2*f + 1 + 0*f. Let j be (-2)/4 - 2/4. Let l(o) = -4*o**3 + 1. Let n be l(j). Calculate v(n).
-3
Let q(g) = 2*g + 4. Let u(z) = 2*z + 4. Let h(r) = -6*q(r) + 5*u(r). Determine h(4).
-12
Let x(l) = -8*l**2 + l + 2. Let n(c) = -41*c**2 + 6*c + 11. Let b(v) = 2*n(v) - 11*x(v). What is b(-1)?
5
Suppose 2*l = -2*g + 3*l - 2, 0 = 2*g - 2*l. Let u be (-1 + 2)/(g/(-4)). Suppose u*z - 17 = -3*z - 3*a, 4*z - 4*a = 20. Let k(p) = p**2 - 5*p + 1. What is k(z)?
-3
Let a(u) be the first derivative of -u**4/4 + u**3 + 3*u**2/2 - 2*u + 24. Calculate a(4).
-6
Let r = -946 - -950. Let l(d) be the first derivative of 1 - 1/3*d**3 + d**2 + 3*d. What is l(r)?
-5
Let d(m) = 4*m**2 - 2*m. Suppose 0*h - 4*h - 4*i + 20 = 0, 0 = -4*h - 2*i + 12. Suppose 0 = q - h - 1. Calculate d(q).
12
Let s(t) = -t**3 + 6*t**2 + 2*t - 3. Suppose 5*p + 50 = 2*a + 3*a, -2*a = -4*p - 28. Let x(d) = -d**3 + 6*d**2 + 6. Let r be x(a). Give s(r).
9
Let w(r) be the first derivative of -r**5/40 + r**4/24 + r**3 + 1. Let f(i) be the third derivative of w(i). What is f(-2)?
7
Suppose -4 = -q + 2*q. Let o(v) be the second derivative of 0 - v + 1/2*v**3 + 1/12*v**4 + 2*v**2. Calculate o(q).
8
Let g be (-2 - 0/(-5)) + 9. Let v(h) = -h**2 + 5*h + 8. Determine v(g).
-6
Let m(l) be the second derivative of 1/20*l**5 + 0 + 5/12*l**4 + 3/2*l**2 + 5*l + 2/3*l**3. Give m(-4).
3
Let u = -2 + 8. Suppose 2*w = u*w. Let x(n) = -n**2 - 6. What is x(w)?
-6
Let o = 7 + -4. Let h(n) = -6*n**2 + 9*n**2 - 2 - 5*n**2 + 5*n. Calculate h(o).
-5
Let n be ((-10)/4)/(2/12). Let v be (-55)/n + (-4)/6. Let d(t) = -t**2 + 3*t - 4. Give d(v).
-4
Suppose -6 = 2*o, 2*o - 1 = -3*y - 13. Let x(p) = 2*p**3 + p**2 - 2. What is x(y)?
-14
Let i(z) = -8*z**3 + 3 + 2*z - z**2 - 3*z - 2. Determine i(1).
-9
Let z(k) = 6*k**2 - 4*k - 3. Let d(a) = -7*a**2 + 3*a + 4. Let q(g) = -5*d(g) - 6*z(g). Give q(7).
12
Let w(h) = -h**2 + 4*h + 5. Let g(u) = -u**3 + 3*u**2 - 3*u + 3. Let r = 3 - 1. Let b be g(r). Let v be 2 - (5 - b)/(-2). What is w(v)?
5
Let q(r) = -r**3 - 4*r**2 - 2*r - 4. Let x(s) = -1 - 2 - 2*s**2 + s**2 - 6*s. Let c be x(-6). Determine q(c).
-7
Suppose -72*v + 76*v = -16. Let b(n) = -1 - 4*n**3 + 4*n**3 + n**3 - 3*n + 3*n**2. What is b(v)?
-5
Let d(p) be the first derivative of p**4/6 - p**3/3 - p**2/2 - 10*p - 8. Let y(r) be the first derivative of d(r). Give y(-1).
3
Let m(l) = -l**3 - l**2 + l. Let s(t) = -t**2 + t - 4. Let u(f) = f**3 + f**2 - 2*f + 4. Let b(j) = -5*s(j) - 6*u(j). Let z(h) = b(h) - 5*m(h). Calculate z(4).
4
Let a(s) = 8 + s**3 - 2*s + 2 - 13. Calculate a(-2).
-7
Let n(d) = -4*d - 4*d - 4*d**2 - 1 + 5*d**2. What is n(8)?
-1
Suppose 5*y - 3*w + 7 = 0, -5*w = -7*y + 6*y - 19. Let v(u) = -4*u**3 - 2*u**2 + u. Give v(y).
-5
Let c(u) = -u**2 - 6*u + 8. Let d be 12*(2 - 7)/10. What is c(d)?
8
Let q(s) be the first derivative of -2/3*s**3 - s + 1 - s**2 + 3/4*s**4. Suppose 3*d = 2*w - 11, -5*d = 2*w - 6*w + 21. Calculate q(d).
-4
Let l(m) = m**2 + 3*m + 1. Let o be 6/(-4) + 21/2. Suppose 0 = -4*x - 7 - o. What is l(x)?
5
Let g(h) = -3*h**2 - 5*h + 3. Let w(k) = -k**2 - k + 1. Let z(f) = g(f) - 4*w(f). Let o = -2 - -4. Let d = o + -4. Calculate z(d).
5
Let l(p) = p**3 - p**2 + 6. Suppose 3*u = -3*g + 1 - 13, -g + 3*u = -12. Determine l(g).
6
Suppose -2*l = 4*q - 4*l - 26, 4*l + 12 = 3*q. Suppose 28 - q = -4*j. Let g(c) = c + 3. Give g(j).
-2
Let p(b) = -b**2 - 8*b - 6. Let y be (0 + 2/(-5))*-35. Let d = y - 20. Give p(d).
6
Let b(j) be the first derivative of -5*j**2/2 - j - 2. Let k(o) = -o**2 + 5*o - 5. Let c be k(4). Determine b(c).
4
Let u(j) = j**2 + 2*j + 1. Let d = 34 - 36. Give u(d).
1
Let x(w) = -w + 19. Let q be x(22). Let g(r) = -2*r**2 - 3*r + 1. Let u(b) = -b**2 - b + 1. Let f(m) = g(m) - 4*u(m). Give f(q).
12
Let n(l) be the second derivative of -2*l + 1/3*l**3 + 0 + 1/2*l**2. Let g = -7 + 4. What is n(g)?
-5
Let t(d) = -d**3 - 3*d**2 - 4*d - 3. Let x be t(-2). Suppose -5*p = 3 - 23. Let u(h) = -h - 5 + p + 2. Calculate u(x).
0
Let i(l) be the second derivative of -1/12*l**4 + 3*l**2 - 1/2*l**3 - 5*l + 0. Let t = -15 + 10. What is i(t)?
-4
Let c = 2 + -8. Let m(g) = 8*g**3 - 15*g**2 + 21*g + 18. Let s(a) = -3*a**3 + 5*a**2 - 7*a - 6. Let i(f) = 4*m(f) + 11*s(f). What is i(c)?
0
Let t(g) be the third derivative of 0 + 1/12*g**6 + 2*g**2 + 0*g + 0*g**4 - 1/6*g**3 + 1/60*g**5. Calculate t(1).
10
Let w be 5 + 0 - 5/((-15)/(-12)). Let k(m) = 5*m**3 - m**2 + m - 1. Give k(w).
4
Let k(g) = g**3 - 4*g**2 - 2*g + 7. Let j(x) = -x**2 - x + 1. Let r = 22 + -23. Let m(c) = r*k(c) + 3*j(c). Calculate m(0).
-4
Suppose 3*d - 3*l = 18, -l - l = -d + 4. Let t(n) = d*n - 23*n + 4 + 13*n. Calculate t(3).
-2
Let v(w) = 2*w**2 - 3*w + 2. Let z = 15 + -13. Determine v(z).
4
Suppose 2*n + 2*n = 16. Let q(k) = -3 + 2*k**2 + n*k + 6*k**3 + 4 - k**2 - 5*k. Calculate q(1).
7
Let r(j) = j**3 - 6*j**2 - j - 4. Suppose 0 = -3*v + y + 4*y + 28, -14 = -v + 4*y. Calculate r(v).
-10
Let l(y) be the first derivative of -9*y**5/20 + y**3/3 + y**2/2 - 3*y - 4. Let j(b) be the first derivative of l(b). Calculate j(-1).
8
Let r(c) be the second derivative of -7*c**6/120 + c**4/24 + 3*c**2/2 + 3*c. Let m(y) be the first derivative of r(y). Let q be (-8)/20 +